{"id":2464,"date":"2023-10-27T21:28:15","date_gmt":"2023-10-27T21:28:15","guid":{"rendered":"https:\/\/angolaemb-se.org\/?page_id=2464"},"modified":"2023-11-19T21:12:43","modified_gmt":"2023-11-19T21:12:43","slug":"casamento","status":"publish","type":"page","link":"https:\/\/angolaemb-se.org\/?page_id=2464","title":{"rendered":"CASAMENTO"},"content":{"rendered":"\t\t<div data-elementor-type=\"wp-page\" data-elementor-id=\"2464\" class=\"elementor elementor-2464\">\n\t\t\t\t<div class=\"elementor-element elementor-element-246b6fe e-flex e-con-boxed e-con e-parent\" data-id=\"246b6fe\" data-element_type=\"container\" data-e-type=\"container\">\n\t\t\t\t\t<div class=\"e-con-inner\">\n\t\t\t\t<div class=\"elementor-element elementor-element-1cf0fd6 elementor-widget elementor-widget-text-editor\" data-id=\"1cf0fd6\" data-element_type=\"widget\" data-e-type=\"widget\" data-widget_type=\"text-editor.default\">\n\t\t\t\t<div class=\"elementor-widget-container\">\n\t\t\t\t\t\t\t\t\t<header class=\"entry-header\"><h3 id=\"quem-pode-pedir\" class=\"wp-block-heading\">Transcri\u00e7\u00e3o do Registo de Casamento<\/h3><\/header><p>Para que o casamento de cidad\u00e3os angolanos realizado em Conservat\u00f3ria do Registo Civil da Su\u00e9cia, Finl\u00e2ndia, Dinamarca e Isl\u00e2ndia, tenham valor legal em Angola, dever\u00e1 ser transcrito na Embaixada de Angola (Sector Consular).<\/p><div class=\"entry-content\"><h3 id=\"quem-pode-pedir\" class=\"wp-block-heading\">Quem pode pedir?<\/h3><p>O pedido de transcri\u00e7\u00e3o do casamento para Angola pode ser solicitado por qualquer um dos membros do casal.<\/p><p>\u00c9 obrigat\u00f3ria a presen\u00e7a de um dos membros do casal.<\/p><\/div><h3 id=\"quem-pode-pedir\" class=\"wp-block-heading\">Como pedir?<\/h3>\t\t\t\t\t\t\t\t<\/div>\n\t\t\t\t<\/div>\n\t\t\t\t\t<\/div>\n\t\t\t\t<\/div>\n\t\t<div class=\"elementor-element elementor-element-9b88e26 e-flex e-con-boxed e-con e-parent\" data-id=\"9b88e26\" data-element_type=\"container\" data-e-type=\"container\">\n\t\t\t\t\t<div class=\"e-con-inner\">\n\t\t\t\t<div class=\"elementor-element elementor-element-a988ba7 elementor-align-right elementor-widget elementor-widget-the7_button_widget\" data-id=\"a988ba7\" data-element_type=\"widget\" data-e-type=\"widget\" data-widget_type=\"the7_button_widget.default\">\n\t\t\t\t<div class=\"elementor-widget-container\">\n\t\t\t\t\t<div class=\"elementor-button-wrapper\"><a href=\"https:\/\/angolaemb-se.org\/wp-content\/uploads\/2023\/11\/Transcricao-Casamento.pdf\" target=\"_blank\" class=\"box-button elementor-button elementor-size-sm\">DESCARREGAR REQUISTOS<i aria-hidden=\"true\" class=\"elementor-button-icon fas fa-download\"><\/i><\/a><\/div>\t\t\t\t<\/div>\n\t\t\t\t<\/div>\n\t\t\t\t\t<\/div>\n\t\t\t\t<\/div>\n\t\t\t\t<\/div>\n\t\t","protected":false},"excerpt":{"rendered":"<p>Transcri\u00e7\u00e3o do Registo de Casamento Para que o casamento de cidad\u00e3os angolanos realizado em Conservat\u00f3ria do Registo Civil da Su\u00e9cia, Finl\u00e2ndia, Dinamarca e Isl\u00e2ndia, tenham valor legal em Angola, dever\u00e1 ser transcrito na Embaixada de Angola (Sector Consular). Quem pode pedir? O pedido de transcri\u00e7\u00e3o do casamento para Angola pode ser solicitado por qualquer um&hellip;<\/p>\n","protected":false},"author":1,"featured_media":0,"parent":0,"menu_order":0,"comment_status":"closed","ping_status":"closed","template":"","meta":{"om_disable_all_campaigns":false,"_themeisle_gutenberg_block_has_review":false,"_mc_calendar":[],"footnotes":""},"class_list":["post-2464","page","type-page","status-publish","hentry"],"aioseo_notices":[],"_links":{"self":[{"href":"https:\/\/angolaemb-se.org\/index.php?rest_route=\/wp\/v2\/pages\/2464","targetHints":{"allow":["GET"]}}],"collection":[{"href":"https:\/\/angolaemb-se.org\/index.php?rest_route=\/wp\/v2\/pages"}],"about":[{"href":"https:\/\/angolaemb-se.org\/index.php?rest_route=\/wp\/v2\/types\/page"}],"author":[{"embeddable":true,"href":"https:\/\/angolaemb-se.org\/index.php?rest_route=\/wp\/v2\/users\/1"}],"replies":[{"embeddable":true,"href":"https:\/\/angolaemb-se.org\/index.php?rest_route=%2Fwp%2Fv2%2Fcomments&post=2464"}],"version-history":[{"count":39,"href":"https:\/\/angolaemb-se.org\/index.php?rest_route=\/wp\/v2\/pages\/2464\/revisions"}],"predecessor-version":[{"id":3110,"href":"https:\/\/angolaemb-se.org\/index.php?rest_route=\/wp\/v2\/pages\/2464\/revisions\/3110"}],"wp:attachment":[{"href":"https:\/\/angolaemb-se.org\/index.php?rest_route=%2Fwp%2Fv2%2Fmedia&parent=2464"}],"curies":[{"name":"wp","href":"https:\/\/api.w.org\/{rel}","templated":true}]}}