{"id":2575,"date":"2023-10-31T19:40:00","date_gmt":"2023-10-31T19:40:00","guid":{"rendered":"https:\/\/angolaemb-se.org\/?page_id=2575"},"modified":"2023-11-19T21:23:52","modified_gmt":"2023-11-19T21:23:52","slug":"procuracoes","status":"publish","type":"page","link":"https:\/\/angolaemb-se.org\/?page_id=2575","title":{"rendered":"PROCURA\u00c7\u00d5ES"},"content":{"rendered":"\t\t<div data-elementor-type=\"wp-page\" data-elementor-id=\"2575\" class=\"elementor elementor-2575\">\n\t\t\t\t<div class=\"elementor-element elementor-element-2afff85 e-flex e-con-boxed e-con e-parent\" data-id=\"2afff85\" data-element_type=\"container\" data-e-type=\"container\">\n\t\t\t\t\t<div class=\"e-con-inner\">\n\t\t\t\t<div class=\"elementor-element elementor-element-839f7af elementor-widget elementor-widget-text-editor\" data-id=\"839f7af\" data-element_type=\"widget\" data-e-type=\"widget\" data-widget_type=\"text-editor.default\">\n\t\t\t\t<div class=\"elementor-widget-container\">\n\t\t\t\t\t\t\t\t\t<p>As procura\u00e7\u00f5es podem ser lavradas por instrumento p\u00fablico, por documento escrito e assinado pelo representado com o reconhecimento presencial da letra e assinatura, respeitante a cidad\u00e3os nacionais.<\/p><p>O outorgante \u00e9 a pessoa que delega poderes numa outra pessoa.<\/p><h3 id=\"quem-pode-pedir\" class=\"wp-block-heading\">Quem pode pedir?<\/h3><p>Todos os cidad\u00e3os angolanos.<\/p><p>\u00c9 obrigat\u00f3ria a presen\u00e7a da pessoa que pretende fazer a procura\u00e7\u00e3o, ou seja, do outorgante (aquele que delega poderes).<\/p><h3 id=\"como-pedir\" class=\"wp-block-heading\">Como pedir?<\/h3>\t\t\t\t\t\t\t\t<\/div>\n\t\t\t\t<\/div>\n\t\t\t\t<div class=\"elementor-element elementor-element-4548371 elementor-align-right elementor-widget elementor-widget-the7_button_widget\" data-id=\"4548371\" data-element_type=\"widget\" data-e-type=\"widget\" data-widget_type=\"the7_button_widget.default\">\n\t\t\t\t<div class=\"elementor-widget-container\">\n\t\t\t\t\t<div class=\"elementor-button-wrapper\"><a href=\"https:\/\/angolaemb-se.org\/wp-content\/uploads\/2023\/11\/Procuracao.pdf\" target=\"_blank\" class=\"box-button elementor-button elementor-size-sm\">Descarregar Requisitos<i aria-hidden=\"true\" class=\"elementor-button-icon fas fa-download\"><\/i><\/a><\/div>\t\t\t\t<\/div>\n\t\t\t\t<\/div>\n\t\t\t\t\t<\/div>\n\t\t\t\t<\/div>\n\t\t\t\t<\/div>\n\t\t","protected":false},"excerpt":{"rendered":"<p>As procura\u00e7\u00f5es podem ser lavradas por instrumento p\u00fablico, por documento escrito e assinado pelo representado com o reconhecimento presencial da letra e assinatura, respeitante a cidad\u00e3os nacionais. O outorgante \u00e9 a pessoa que delega poderes numa outra pessoa. Quem pode pedir? Todos os cidad\u00e3os angolanos. \u00c9 obrigat\u00f3ria a presen\u00e7a da pessoa que pretende fazer a&hellip;<\/p>\n","protected":false},"author":1,"featured_media":0,"parent":0,"menu_order":0,"comment_status":"closed","ping_status":"closed","template":"","meta":{"om_disable_all_campaigns":false,"_themeisle_gutenberg_block_has_review":false,"_mc_calendar":[],"footnotes":""},"class_list":["post-2575","page","type-page","status-publish","hentry"],"aioseo_notices":[],"_links":{"self":[{"href":"https:\/\/angolaemb-se.org\/index.php?rest_route=\/wp\/v2\/pages\/2575","targetHints":{"allow":["GET"]}}],"collection":[{"href":"https:\/\/angolaemb-se.org\/index.php?rest_route=\/wp\/v2\/pages"}],"about":[{"href":"https:\/\/angolaemb-se.org\/index.php?rest_route=\/wp\/v2\/types\/page"}],"author":[{"embeddable":true,"href":"https:\/\/angolaemb-se.org\/index.php?rest_route=\/wp\/v2\/users\/1"}],"replies":[{"embeddable":true,"href":"https:\/\/angolaemb-se.org\/index.php?rest_route=%2Fwp%2Fv2%2Fcomments&post=2575"}],"version-history":[{"count":10,"href":"https:\/\/angolaemb-se.org\/index.php?rest_route=\/wp\/v2\/pages\/2575\/revisions"}],"predecessor-version":[{"id":3136,"href":"https:\/\/angolaemb-se.org\/index.php?rest_route=\/wp\/v2\/pages\/2575\/revisions\/3136"}],"wp:attachment":[{"href":"https:\/\/angolaemb-se.org\/index.php?rest_route=%2Fwp%2Fv2%2Fmedia&parent=2575"}],"curies":[{"name":"wp","href":"https:\/\/api.w.org\/{rel}","templated":true}]}}