{"id":3063,"date":"2023-11-19T19:34:28","date_gmt":"2023-11-19T19:34:28","guid":{"rendered":"https:\/\/angolaemb-se.org\/?page_id=3063"},"modified":"2023-11-19T21:02:25","modified_gmt":"2023-11-19T21:02:25","slug":"paises-com-isencao-de-visto","status":"publish","type":"page","link":"https:\/\/angolaemb-se.org\/?page_id=3063","title":{"rendered":"PA\u00cdSES COM ISEN\u00c7\u00c3O DE VISTO"},"content":{"rendered":"\t\t<div data-elementor-type=\"wp-page\" data-elementor-id=\"3063\" class=\"elementor elementor-3063\">\n\t\t\t\t<div class=\"elementor-element elementor-element-53aad16 e-flex e-con-boxed e-con e-parent\" data-id=\"53aad16\" data-element_type=\"container\" data-e-type=\"container\">\n\t\t\t\t\t<div class=\"e-con-inner\">\n\t\t\t\t<div class=\"elementor-element elementor-element-88eaea7 elementor-widget elementor-widget-text-editor\" data-id=\"88eaea7\" data-element_type=\"widget\" data-e-type=\"widget\" data-widget_type=\"text-editor.default\">\n\t\t\t\t<div class=\"elementor-widget-container\">\n\t\t\t\t\t\t\t\t\t<p style=\"text-align: justify;\">Com o objectivo de simplificar e agilizar o processo de obten\u00e7\u00e3o de vistos de turismo, cidad\u00e3os de 98 pa\u00edses est\u00e3o isentos de visto para entrar em Angola.<\/p>\n\n<p style=\"text-align: justify;\">De acordo com Decreto Presidencial n.\u00ba 189\/23, publicado em Di\u00e1rio da Rep\u00fablica, os cidad\u00e3os de pa\u00edses benefici\u00e1rios poder\u00e3o usufruir da isen\u00e7\u00e3o de vistos de turismo, podendo permanecer at\u00e9 30 dias por entrada e at\u00e9 90 dias por ano.<\/p>\n\n<p style=\"text-align: justify;\">No entanto, esta isen\u00e7\u00e3o n\u00e3o dispensa o cumprimento de outras formalidades, como a apresenta\u00e7\u00e3o de um passaporte v\u00e1lido por mais de seis meses e, quando necess\u00e1rio, um certificado internacional de vacina\u00e7\u00e3o.<\/p>\n\n<p style=\"text-align: justify;\">O regime previsto no Decreto Presidencial aplica-se exclusivamente \u00e0 concess\u00e3o de vistos de turismo.<\/p>\n\n<p style=\"text-align: justify;\">A lista de pa\u00edses benefici\u00e1rios desta isen\u00e7\u00e3o de vistos abrange uma ampla gama de na\u00e7\u00f5es em v\u00e1rias regi\u00f5es do mundo, tais como:<\/p>\t\t\t\t\t\t\t\t<\/div>\n\t\t\t\t<\/div>\n\t\t\t\t\t<\/div>\n\t\t\t\t<\/div>\n\t\t<div class=\"elementor-element elementor-element-639c33a e-flex e-con-boxed e-con e-parent\" data-id=\"639c33a\" data-element_type=\"container\" data-e-type=\"container\">\n\t\t\t\t\t<div class=\"e-con-inner\">\n\t\t\t\t<div class=\"elementor-element elementor-element-f376cab elementor-widget elementor-widget-text-editor\" data-id=\"f376cab\" data-element_type=\"widget\" data-e-type=\"widget\" data-widget_type=\"text-editor.default\">\n\t\t\t\t<div class=\"elementor-widget-container\">\n\t\t\t\t\t\t\t\t\t<table>\n<tbody>\n<tr>\n<td width=\"54\">N\u00ba<\/td>\n<td width=\"234\">Pa\u00eds<\/td>\n<td width=\"144\">Continente<\/td>\n<td width=\"144\">OBS<\/td>\n<\/tr>\n<tr>\n<td width=\"54\">01<\/td>\n<td width=\"234\">Reino de Eswatini<\/td>\n<td width=\"144\">\u00c1frica<\/td>\n<td width=\"144\"><\/td>\n<\/tr>\n<tr>\n<td width=\"54\">02<\/td>\n<td width=\"234\">Reino de Marrocos<\/td>\n<td width=\"144\">\u00c1frica<\/td>\n<td width=\"144\"><\/td>\n<\/tr>\n<tr>\n<td width=\"54\">03<\/td>\n<td width=\"234\">Rep\u00fablica da Guin\u00e9 Equatorial<\/td>\n<td width=\"144\">\u00c1frica<\/td>\n<td width=\"144\"><\/td>\n<\/tr>\n<tr>\n<td width=\"54\">04<\/td>\n<td width=\"234\">Rep\u00fablica das Ilhas Maur\u00edcias<\/td>\n<td width=\"144\">\u00c1frica<\/td>\n<td width=\"144\"><\/td>\n<\/tr>\n<tr>\n<td width=\"54\">05<\/td>\n<td width=\"234\">Rep\u00fablica das Seychelles<\/td>\n<td width=\"144\">\u00c1frica<\/td>\n<td width=\"144\"><\/td>\n<\/tr>\n<tr>\n<td width=\"54\">06<\/td>\n<td width=\"234\">Rep\u00fablica de Cabo Verde<\/td>\n<td width=\"144\">\u00c1frica<\/td>\n<td width=\"144\"><\/td>\n<\/tr>\n<tr>\n<td width=\"54\">07<\/td>\n<td width=\"234\">Rep\u00fablica do Botsuana<\/td>\n<td width=\"144\">\u00c1frica<\/td>\n<td width=\"144\"><\/td>\n<\/tr>\n<tr>\n<td width=\"54\">08<\/td>\n<td width=\"234\">Rep\u00fablica do Madag\u00e1scar<\/td>\n<td width=\"144\">\u00c1frica<\/td>\n<td width=\"144\"><\/td>\n<\/tr>\n<tr>\n<td width=\"54\">09<\/td>\n<td width=\"234\">Rep\u00fablica do Ruanda<\/td>\n<td width=\"144\">\u00c1frica<\/td>\n<td width=\"144\"><\/td>\n<\/tr>\n<tr>\n<td width=\"54\">10<\/td>\n<td width=\"234\">Rep\u00fablica do Malawi<\/td>\n<td width=\"144\">\u00c1frica<\/td>\n<td width=\"144\"><\/td>\n<\/tr>\n<tr>\n<td width=\"54\">11<\/td>\n<td width=\"234\">Rep\u00fablica do Ruanda<\/td>\n<td width=\"144\">\u00c1frica<\/td>\n<td width=\"144\"><\/td>\n<\/tr>\n<tr>\n<td width=\"54\">12<\/td>\n<td width=\"234\">Rep\u00fablica do Zimbabwe<\/td>\n<td width=\"144\">\u00c1frica<\/td>\n<td width=\"144\"><\/td>\n<\/tr>\n<tr>\n<td width=\"54\">13<\/td>\n<td width=\"234\">Rep\u00fablica Popular e Democr\u00e1tica da Arg\u00e9lia<\/td>\n<td width=\"144\">\u00c1frica<\/td>\n<td width=\"144\"><\/td>\n<\/tr>\n<tr>\n<td width=\"54\">14<\/td>\n<td width=\"234\">Rep\u00fablica Unida da Tanz\u00e2nia<\/td>\n<td width=\"144\">\u00c1frica<\/td>\n<td width=\"144\"><\/td>\n<\/tr>\n<tr>\n<td width=\"54\">15<\/td>\n<td width=\"234\">Emirados \u00c1rabes Unidos<\/td>\n<td width=\"144\">\u00c1sia<\/td>\n<td width=\"144\"><\/td>\n<\/tr>\n<tr>\n<td width=\"54\">16<\/td>\n<td width=\"234\">Estado de Israel<\/td>\n<td width=\"144\">\u00c1sia<\/td>\n<td width=\"144\"><\/td>\n<\/tr>\n<tr>\n<td width=\"54\">17<\/td>\n<td width=\"234\">Estado do Qatar<\/td>\n<td width=\"144\">\u00c1sia<\/td>\n<td width=\"144\"><\/td>\n<\/tr>\n<tr>\n<td width=\"54\">18<\/td>\n<td width=\"234\">Jap\u00e3o<\/td>\n<td width=\"144\">\u00c1sia<\/td>\n<td width=\"144\"><\/td>\n<\/tr>\n<tr>\n<td width=\"54\">19<\/td>\n<td width=\"234\">Reino da Ar\u00e1bia Saudita<\/td>\n<td width=\"144\">\u00c1sia<\/td>\n<td width=\"144\"><\/td>\n<\/tr>\n<tr>\n<td width=\"54\">20<\/td>\n<td width=\"234\">Rep\u00fablica da Coreia do Sul<\/td>\n<td width=\"144\">\u00c1sia<\/td>\n<td width=\"144\"><\/td>\n<\/tr>\n<tr>\n<td width=\"54\">21<\/td>\n<td width=\"234\">Rep\u00fablica da \u00cdndia<\/td>\n<td width=\"144\">\u00c1sia<\/td>\n<td width=\"144\"><\/td>\n<\/tr>\n<tr>\n<td width=\"54\">22<\/td>\n<td width=\"234\">Rep\u00fablica da Indon\u00e9sia<\/td>\n<td width=\"144\">\u00c1sia<\/td>\n<td width=\"144\"><\/td>\n<\/tr>\n<tr>\n<td width=\"54\">23<\/td>\n<td width=\"234\">Rep\u00fablica de Singapura<\/td>\n<td width=\"144\">\u00c1sia<\/td>\n<td width=\"144\"><\/td>\n<\/tr>\n<tr>\n<td width=\"54\">24<\/td>\n<td width=\"234\">Rep\u00fablica Democr\u00e1tica de Timor-Leste<\/td>\n<td width=\"144\">\u00c1sia<\/td>\n<td width=\"144\"><\/td>\n<\/tr>\n<tr>\n<td width=\"54\">25<\/td>\n<td width=\"234\">Rep\u00fablica Popular da China<\/td>\n<td width=\"144\">\u00c1sia<\/td>\n<td width=\"144\"><\/td>\n<\/tr>\n<tr>\n<td width=\"54\">26<\/td>\n<td width=\"234\">Confedera\u00e7\u00e3o Su\u00edca<\/td>\n<td width=\"144\">Europa<\/td>\n<td width=\"144\"><\/td>\n<\/tr>\n<tr>\n<td width=\"54\">27<\/td>\n<td width=\"234\">Estado do Vaticano<\/td>\n<td width=\"144\">Europa<\/td>\n<td width=\"144\"><\/td>\n<\/tr>\n<tr>\n<td width=\"54\">28<\/td>\n<td width=\"234\">Rep\u00fablica Checa<\/td>\n<td width=\"144\">Europa<\/td>\n<td width=\"144\"><\/td>\n<\/tr>\n<tr>\n<td width=\"54\">29<\/td>\n<td width=\"234\">Federa\u00e7\u00e3o Russa<\/td>\n<td width=\"144\">Europa<\/td>\n<td width=\"144\"><\/td>\n<\/tr>\n<tr>\n<td width=\"54\">30<\/td>\n<td width=\"234\">Gr\u00e3o-Ducado de Luxemburgo<\/td>\n<td width=\"144\">Europa<\/td>\n<td width=\"144\"><\/td>\n<\/tr>\n<tr>\n<td width=\"54\">31<\/td>\n<td width=\"234\">Rep\u00fablica da Hungria<\/td>\n<td width=\"144\">Europa<\/td>\n<td width=\"144\"><\/td>\n<\/tr>\n<tr>\n<td width=\"54\">32<\/td>\n<td width=\"234\">Pa\u00edses Baixos<\/td>\n<td width=\"144\">Europa<\/td>\n<td width=\"144\"><\/td>\n<\/tr>\n<tr>\n<td width=\"54\">33<\/td>\n<td width=\"234\">Principado do M\u00f3naco<\/td>\n<td width=\"144\">Europa<\/td>\n<td width=\"144\"><\/td>\n<\/tr>\n<tr>\n<td width=\"54\">34<\/td>\n<td width=\"234\">Reino da B\u00e9lgica<\/td>\n<td width=\"144\">Europa<\/td>\n<td width=\"144\"><\/td>\n<\/tr>\n<tr>\n<td width=\"54\">35<\/td>\n<td width=\"234\">Reino da Dinamarca<\/td>\n<td width=\"144\">Europa<\/td>\n<td width=\"144\"><\/td>\n<\/tr>\n<tr>\n<td width=\"54\">36<\/td>\n<td width=\"234\">Reino da Su\u00e9cia<\/td>\n<td width=\"144\">Europa<\/td>\n<td width=\"144\"><\/td>\n<\/tr>\n<tr>\n<td width=\"54\">37<\/td>\n<td width=\"234\">Reino de Espanha<\/td>\n<td width=\"144\">Europa<\/td>\n<td width=\"144\"><\/td>\n<\/tr>\n<tr>\n<td width=\"54\">38<\/td>\n<td width=\"234\">Reino Unido da Gr\u00e3-Bretanha e Irlanda do Norte<\/td>\n<td width=\"144\">Europa<\/td>\n<td width=\"144\"><\/td>\n<\/tr>\n<tr>\n<td width=\"54\">38<\/td>\n<td width=\"234\">Reino da Noruega<\/td>\n<td width=\"144\">Europa<\/td>\n<td width=\"144\"><\/td>\n<\/tr>\n<tr>\n<td width=\"54\">40<\/td>\n<td width=\"234\">Rep\u00fablica da \u00c1ustria<\/td>\n<td width=\"144\">Europa<\/td>\n<td width=\"144\"><\/td>\n<\/tr>\n<tr>\n<td width=\"54\">41<\/td>\n<td width=\"234\">Rep\u00fablica da Bulg\u00e1ria<\/td>\n<td width=\"144\">Europa<\/td>\n<td width=\"144\"><\/td>\n<\/tr>\n<tr>\n<td width=\"54\">42<\/td>\n<td width=\"234\">Rep\u00fablica da Cro\u00e1cia<\/td>\n<td width=\"144\">Europa<\/td>\n<td width=\"144\"><\/td>\n<\/tr>\n<tr>\n<td width=\"54\">43<\/td>\n<td width=\"234\">Rep\u00fablica da Eslov\u00e1quia<\/td>\n<td width=\"144\">Europa<\/td>\n<td width=\"144\"><\/td>\n<\/tr>\n<tr>\n<td width=\"54\">44<\/td>\n<td width=\"234\">Rep\u00fablica da Est\u00f3nia<\/td>\n<td width=\"144\">Europa<\/td>\n<td width=\"144\"><\/td>\n<\/tr>\n<tr>\n<td width=\"54\">45<\/td>\n<td width=\"234\">Rep\u00fablica da Finl\u00e2ndia<\/td>\n<td width=\"144\">Europa<\/td>\n<td width=\"144\"><\/td>\n<\/tr>\n<tr>\n<td width=\"54\">46<\/td>\n<td width=\"234\">Rep\u00fablica Francesa<\/td>\n<td width=\"144\">Europa<\/td>\n<td width=\"144\"><\/td>\n<\/tr>\n<tr>\n<td width=\"54\">47<\/td>\n<td width=\"234\">Rep\u00fablica da Gr\u00e9cia<\/td>\n<td width=\"144\">Europa<\/td>\n<td width=\"144\"><\/td>\n<\/tr>\n<tr>\n<td width=\"54\">48<\/td>\n<td width=\"234\">Rep\u00fablica da Irlanda<\/td>\n<td width=\"144\">Europa<\/td>\n<td width=\"144\"><\/td>\n<\/tr>\n<tr>\n<td width=\"54\">49<\/td>\n<td width=\"234\">Rep\u00fablica da Let\u00f3nia<\/td>\n<td width=\"144\">Europa<\/td>\n<td width=\"144\"><\/td>\n<\/tr>\n<tr>\n<td width=\"54\">50<\/td>\n<td width=\"234\">Rep\u00fablica da Litu\u00e2nia<\/td>\n<td width=\"144\">Europa<\/td>\n<td width=\"144\"><\/td>\n<\/tr>\n<tr>\n<td width=\"54\">51<\/td>\n<td width=\"234\">Rep\u00fablica da Malta<\/td>\n<td width=\"144\">Europa<\/td>\n<td width=\"144\"><\/td>\n<\/tr>\n<tr>\n<td width=\"54\">52<\/td>\n<td width=\"234\">Rep\u00fablica da Pol\u00f3nia<\/td>\n<td width=\"144\">Europa<\/td>\n<td width=\"144\"><\/td>\n<\/tr>\n<tr>\n<td width=\"54\">53<\/td>\n<td width=\"234\">Rep\u00fablica da Rom\u00e9nia<\/td>\n<td width=\"144\">Europa<\/td>\n<td width=\"144\"><\/td>\n<\/tr>\n<tr>\n<td width=\"54\">54<\/td>\n<td width=\"234\">Rep\u00fablica da Turquia<\/td>\n<td width=\"144\">Europa<\/td>\n<td width=\"144\"><\/td>\n<\/tr>\n<tr>\n<td width=\"54\">55<\/td>\n<td width=\"234\">Rep\u00fablica do Chipre<\/td>\n<td width=\"144\">Europa<\/td>\n<td width=\"144\"><\/td>\n<\/tr>\n<tr>\n<td width=\"54\">56<\/td>\n<td width=\"234\">Rep\u00fablica Eslov\u00e9nia<\/td>\n<td width=\"144\">Europa<\/td>\n<td width=\"144\"><\/td>\n<\/tr>\n<tr>\n<td width=\"54\">57<\/td>\n<td width=\"234\">Rep\u00fablica Federal da Alemanha<\/td>\n<td width=\"144\">Europa<\/td>\n<td width=\"144\"><\/td>\n<\/tr>\n<tr>\n<td width=\"54\">58<\/td>\n<td width=\"234\">Rep\u00fablica Italiana<\/td>\n<td width=\"144\">Europa<\/td>\n<td width=\"144\"><\/td>\n<\/tr>\n<tr>\n<td width=\"54\">59<\/td>\n<td width=\"234\">Rep\u00fablica Portuguesa<\/td>\n<td width=\"144\">Europa<\/td>\n<td width=\"144\"><\/td>\n<\/tr>\n<tr>\n<td width=\"54\">60<\/td>\n<td width=\"234\">Rep\u00fablica da Isl\u00e2ndia<\/td>\n<td width=\"144\">Europa<\/td>\n<td width=\"144\"><\/td>\n<\/tr>\n<tr>\n<td width=\"54\">61<\/td>\n<td width=\"234\">Estados Unidos da America<\/td>\n<td width=\"144\">America<\/td>\n<td width=\"144\"><\/td>\n<\/tr>\n<tr>\n<td width=\"54\">62<\/td>\n<td width=\"234\">Estados Unidos Mexicanos<\/td>\n<td width=\"144\">America<\/td>\n<td width=\"144\"><\/td>\n<\/tr>\n<tr>\n<td width=\"54\">63<\/td>\n<td width=\"234\">Rep\u00fablica da Argentina<\/td>\n<td width=\"144\">America<\/td>\n<td width=\"144\"><\/td>\n<\/tr>\n<tr>\n<td width=\"54\">64<\/td>\n<td width=\"234\">Canad\u00e1<\/td>\n<td width=\"144\">America<\/td>\n<td width=\"144\"><\/td>\n<\/tr>\n<tr>\n<td width=\"54\">65<\/td>\n<td width=\"234\">Rep\u00fablica do Chile<\/td>\n<td width=\"144\">America<\/td>\n<td width=\"144\"><\/td>\n<\/tr>\n<tr>\n<td width=\"54\">66<\/td>\n<td width=\"234\">Rep\u00fablica do Panam\u00e1<\/td>\n<td width=\"144\">America<\/td>\n<td width=\"144\"><\/td>\n<\/tr>\n<tr>\n<td width=\"54\">67<\/td>\n<td width=\"234\">Rep\u00fablica Federativa do Brasil<\/td>\n<td width=\"144\">America<\/td>\n<td width=\"144\"><\/td>\n<\/tr>\n<tr>\n<td width=\"54\">68<\/td>\n<td width=\"234\">Rep\u00fablica Oriental do Uruguai<\/td>\n<td width=\"144\">America<\/td>\n<td width=\"144\"><\/td>\n<\/tr>\n<tr>\n<td width=\"54\">69<\/td>\n<td width=\"234\">Comunidade da Austr\u00e1lia<\/td>\n<td width=\"144\">Oceania<\/td>\n<td width=\"144\"><\/td>\n<\/tr>\n<tr>\n<td width=\"54\">70<\/td>\n<td width=\"234\">Rep\u00fablica de Fiji<\/td>\n<td width=\"144\">Oceania<\/td>\n<td width=\"144\"><\/td>\n<\/tr>\n<tr>\n<td width=\"54\">71<\/td>\n<td width=\"234\">Rep\u00fablica das Ilhas Marshall<\/td>\n<td width=\"144\">Oceania<\/td>\n<td width=\"144\"><\/td>\n<\/tr>\n<tr>\n<td width=\"54\">72<\/td>\n<td width=\"234\">Ilhas Salom\u00e3o<\/td>\n<td width=\"144\">Oceania<\/td>\n<td width=\"144\"><\/td>\n<\/tr>\n<tr>\n<td width=\"54\">73<\/td>\n<td width=\"234\">Estados Federados da Micron\u00e9sia<\/td>\n<td width=\"144\">Oceania<\/td>\n<td width=\"144\"><\/td>\n<\/tr>\n<tr>\n<td width=\"54\">74<\/td>\n<td width=\"234\">Rep\u00fablica de Nauru<\/td>\n<td width=\"144\">Oceania<\/td>\n<td width=\"144\"><\/td>\n<\/tr>\n<tr>\n<td width=\"54\">75<\/td>\n<td width=\"234\">Nova Zel\u00e2ndoa<\/td>\n<td width=\"144\">Oceania<\/td>\n<td width=\"144\"><\/td>\n<\/tr>\n<tr>\n<td width=\"54\">76<\/td>\n<td width=\"234\">Rep\u00fablica de Palau<\/td>\n<td width=\"144\">Oceania<\/td>\n<td width=\"144\"><\/td>\n<\/tr>\n<tr>\n<td width=\"54\">77<\/td>\n<td width=\"234\">Papua Nova Guin\u00e9<\/td>\n<td width=\"144\">Oceania<\/td>\n<td width=\"144\"><\/td>\n<\/tr>\n<tr>\n<td width=\"54\">78<\/td>\n<td width=\"234\">Estados Unidos Independente de Samoa<\/td>\n<td width=\"144\">Oceania<\/td>\n<td width=\"144\"><\/td>\n<\/tr>\n<tr>\n<td width=\"54\">79<\/td>\n<td width=\"234\">Reino do Tonga<\/td>\n<td width=\"144\">Oceania<\/td>\n<td width=\"144\"><\/td>\n<\/tr>\n<tr>\n<td width=\"54\">80<\/td>\n<td width=\"234\">Tuvalu<\/td>\n<td width=\"144\">Oceania<\/td>\n<td width=\"144\"><\/td>\n<\/tr>\n<tr>\n<td width=\"54\">81<\/td>\n<td width=\"234\">Rep\u00fablica de Vanuatu<\/td>\n<td width=\"144\">Oceania<\/td>\n<td width=\"144\"><\/td>\n<\/tr>\n<tr>\n<td width=\"54\">82<\/td>\n<td width=\"234\">Niue<\/td>\n<td width=\"144\">Oceania<\/td>\n<td width=\"144\"><\/td>\n<\/tr>\n<tr>\n<td width=\"54\">83<\/td>\n<td width=\"234\">Ant\u00edgua e Barbuda<\/td>\n<td width=\"144\">Cara\u00edbas e Pac\u00edfico<\/td>\n<td width=\"144\"><\/td>\n<\/tr>\n<tr>\n<td width=\"54\">84<\/td>\n<td width=\"234\">Bahamas<\/td>\n<td width=\"144\">Cara\u00edbas e Pac\u00edfico<\/td>\n<td width=\"144\"><\/td>\n<\/tr>\n<tr>\n<td width=\"54\">85<\/td>\n<td width=\"234\">Barbados<\/td>\n<td width=\"144\">Cara\u00edbas e Pac\u00edfico<\/td>\n<td width=\"144\"><\/td>\n<\/tr>\n<tr>\n<td width=\"54\">86<\/td>\n<td width=\"234\">Belize<\/td>\n<td width=\"144\">Cara\u00edbas e Pac\u00edfico<\/td>\n<td width=\"144\"><\/td>\n<\/tr>\n<tr>\n<td width=\"54\">87<\/td>\n<td width=\"234\">Grenada<\/td>\n<td width=\"144\">Cara\u00edbas e Pac\u00edfico<\/td>\n<td width=\"144\"><\/td>\n<\/tr>\n<tr>\n<td width=\"54\">88<\/td>\n<td width=\"234\">Rep\u00fablica cooperativa da Guiana<\/td>\n<td width=\"144\">Cara\u00edbas e Pac\u00edfico<\/td>\n<td width=\"144\"><\/td>\n<\/tr>\n<tr>\n<td width=\"54\">89<\/td>\n<td width=\"234\">rep\u00fablica do Haiti<\/td>\n<td width=\"144\">Cara\u00edbas e Pac\u00edfico<\/td>\n<td width=\"144\"><\/td>\n<\/tr>\n<tr>\n<td width=\"54\">90<\/td>\n<td width=\"234\">Ilhas Cook<\/td>\n<td width=\"144\">Cara\u00edbas e Pac\u00edfico<\/td>\n<td width=\"144\"><\/td>\n<\/tr>\n<tr>\n<td width=\"54\">91<\/td>\n<td width=\"234\">Jamaica<\/td>\n<td width=\"144\">Cara\u00edbas e Pac\u00edfico<\/td>\n<td width=\"144\"><\/td>\n<\/tr>\n<tr>\n<td width=\"54\">92<\/td>\n<td width=\"234\">Rep\u00fablica de Kiribati<\/td>\n<td width=\"144\">Cara\u00edbas e Pac\u00edfico<\/td>\n<td width=\"144\"><\/td>\n<\/tr>\n<tr>\n<td width=\"54\">93<\/td>\n<td width=\"234\">Rep\u00fablica Dominicana<\/td>\n<td width=\"144\">Cara\u00edbas e Pac\u00edfico<\/td>\n<td width=\"144\"><\/td>\n<\/tr>\n<tr>\n<td width=\"54\">94<\/td>\n<td width=\"234\">Santa L\u00facia<\/td>\n<td width=\"144\">Cara\u00edbas e Pac\u00edfico<\/td>\n<td width=\"144\"><\/td>\n<\/tr>\n<tr>\n<td width=\"54\">95<\/td>\n<td width=\"234\">Federa\u00e7\u00e3o de S\u00e3o Crist\u00f3v\u00e3o e Neves<\/td>\n<td width=\"144\">Cara\u00edbas e Pac\u00edfico<\/td>\n<td width=\"144\"><\/td>\n<\/tr>\n<tr>\n<td width=\"54\">96<\/td>\n<td width=\"234\">S\u00e3o Vicente e Granadinas<\/td>\n<td width=\"144\">Cara\u00edbas e Pac\u00edfico<\/td>\n<td width=\"144\"><\/td>\n<\/tr>\n<tr>\n<td width=\"54\">97<\/td>\n<td width=\"234\">Rep\u00fablica do Suriname<\/td>\n<td width=\"144\">Cara\u00edbas e Pac\u00edfico<\/td>\n<td width=\"144\"><\/td>\n<\/tr>\n<tr>\n<td width=\"54\">98<\/td>\n<td width=\"234\">Rep\u00fablica de Trindade e Tobago<\/td>\n<td width=\"144\">Cara\u00edbas e Pac\u00edfico<\/td>\n<td width=\"144\"><\/td>\n<\/tr>\n\n<\/tbody>\n<\/table>\n&nbsp;\t\t\t\t\t\t\t\t<\/div>\n\t\t\t\t<\/div>\n\t\t\t\t\t<\/div>\n\t\t\t\t<\/div>\n\t\t\t\t<\/div>\n\t\t","protected":false},"excerpt":{"rendered":"<p>Com o objectivo de simplificar e agilizar o processo de obten\u00e7\u00e3o de vistos de turismo, cidad\u00e3os de 98 pa\u00edses est\u00e3o isentos de visto para entrar em Angola. De acordo com Decreto Presidencial n.\u00ba 189\/23, publicado em Di\u00e1rio da Rep\u00fablica, os cidad\u00e3os de pa\u00edses benefici\u00e1rios poder\u00e3o usufruir da isen\u00e7\u00e3o de vistos de turismo, podendo permanecer at\u00e9&hellip;<\/p>\n","protected":false},"author":1,"featured_media":0,"parent":0,"menu_order":0,"comment_status":"closed","ping_status":"closed","template":"","meta":{"om_disable_all_campaigns":false,"_themeisle_gutenberg_block_has_review":false,"_mc_calendar":[],"footnotes":""},"class_list":["post-3063","page","type-page","status-publish","hentry"],"aioseo_notices":[],"_links":{"self":[{"href":"https:\/\/angolaemb-se.org\/index.php?rest_route=\/wp\/v2\/pages\/3063","targetHints":{"allow":["GET"]}}],"collection":[{"href":"https:\/\/angolaemb-se.org\/index.php?rest_route=\/wp\/v2\/pages"}],"about":[{"href":"https:\/\/angolaemb-se.org\/index.php?rest_route=\/wp\/v2\/types\/page"}],"author":[{"embeddable":true,"href":"https:\/\/angolaemb-se.org\/index.php?rest_route=\/wp\/v2\/users\/1"}],"replies":[{"embeddable":true,"href":"https:\/\/angolaemb-se.org\/index.php?rest_route=%2Fwp%2Fv2%2Fcomments&post=3063"}],"version-history":[{"count":33,"href":"https:\/\/angolaemb-se.org\/index.php?rest_route=\/wp\/v2\/pages\/3063\/revisions"}],"predecessor-version":[{"id":3100,"href":"https:\/\/angolaemb-se.org\/index.php?rest_route=\/wp\/v2\/pages\/3063\/revisions\/3100"}],"wp:attachment":[{"href":"https:\/\/angolaemb-se.org\/index.php?rest_route=%2Fwp%2Fv2%2Fmedia&parent=3063"}],"curies":[{"name":"wp","href":"https:\/\/api.w.org\/{rel}","templated":true}]}}